 - -29.
18
Calculate -8 + (5 + (-9 - 3) + 20 - 5) + 98.
98
(23 - (-8 - -16) - (0 - 0)) + (-349 - -431)
97
What is (1 + -4 - 3) + 498 + -428?
64
Calculate 54 + 132 + -119 - 64.
3
Calculate (-6 - (5 - 3)) + (3 - (8 + -54)) + -9.
32
What is the value of -25 - (-18 - -12 - 0) - -5 - 25?
-39
Evaluate 14 + -22 - 73 - (0 + (-11 - -17)).
-87
Calculate (-130 + 236 + -119 - (0 + -1)) + 100.
88
Evaluate (-209 - -136) + 7 + (5 - -3) + 0.
-58
5 + -9 + (-16 + -9 - -80)
51
Evaluate 9 + -2 - (624 + -588) - (-5 - -3).
-27
Evaluate (16 - 14 - (108 + (-11 - (-2 + -20)))) + 14.
-103
Calculate (38 - -3) + ((8 - (-8 + 30)) + 3 - -16).
46
What is the value of (1 - (-64 - (6 - 18))) + -8?
45
3 - 9 - ((-2 - 51) + 55)
-8
What is 5 + -4 + 5 + (-16 - -10) + 11 + -52?
-41
Evaluate (-17 - 2) + -19 - (-6 - (-1 - 18)).
-51
What is the value of -91 - (36 + (9 - (62 + -11)))?
-85
Evaluate 1 + -82 - -34 - 11.
-58
Calculate 22 - (((-7 - -3) + 22 - 19) + -68).
91
Calculate -2 + -43 + (-273 - -301) + (2 - -7).
-8
What is the value of (-145 - -265 - 116) + (-6 - -2)?
0
-158 + 82 - -60 - -108
92
Calculate 30 - (-8 + -16 - (-21 - -5)).
38
Evaluate (-55 - -52) + (9 - -1) + -2.
5
What is 1 + 2 + -73 + -2 + -23 + 37?
-58
What is 8 - (-1 - (17 - 7) - -6)?
13
What is the value of 35 + 159 + -141 + -6?
47
What is (-2 - 3 - -2) + 5 + 4 + 236 + -290?
-48
What is the value of 13 - (-14 + 2) - (45 + 8)?
-28
Evaluate -2 - -12 - (15 - -44 - 13 - 17).
-19
108 - 2 - ((-629 - -628) + 17 + -2 + 1)
91
What is (14 - ((-6 - -9) + -26)) + -11 + 3?
29
Evaluate 18 + (1 - -7 - (244 - 237)).
19
Calculate 16 + (-7 - (31 + -7 + -3)).
-12
Evaluate 687 + -607 - (-13 + 0 + (5 - 4) + 0).
92
What is the value of -16 - (110 + -33 + 9)?
-102
What is 12 + -68 - (44 + -40)?
-60
19 - (-48 + (13 - (-13 + 9)))
50
(0 - 0) + -27 + (24 - (-31 + 25)) + -20
-17
What is (-16 - (-2 - 1)) + -92 + -12 + 96?
-21
-8 + -61 + 60 + -30
-39
Evaluate 46 + 0 - (-28 - (12 + -14 + (-17 - 13))).
42
What is the value of 1 + -8 + -28 + 15 + (-4 - 3)?
-27
110 - (-3 - (-24 - 0) - 8) - 12 - 5
80
52 - (-8 - (-5 - 40))
15
(-5 - 17) + (-45 + 24 - -34) - (0 - -7)
-16
Evaluate (21 - (3 - (-22 + 8))) + 3.
7
Calculate 111 - 30 - 44 - 74.
-37
8 + -17 + (8 - 4) + 44 + 11
50
What is the value of (-5 - -4) + 122 + -10 + 1 + -6 + -6?
100
Evaluate -117 - -65 - (-7 + (-5 - -18) - (3 + 1)).
-54
What is 1 + (214 + -248 - (-3 - -1))?
-31
Calculate 17 + (-31 - (-8 + -7)) - (-138 + 62).
77
26 - ((-19 - -13) + -16)
48
Evaluate (19 - -82 - 105) + (-140 - 0 - -1) - -14.
-129
What is the value of 15 + (-39 + 15 - (56 - (-5 - -11)))?
-59
What is the value of -84 + -1 + 14 - -52?
-19
Evaluate -89 + (-4 - 33 - -101).
-25
(-5 - (26 - (11 - 13))) + (22 - 3)
-14
-3 + -5 + 15 - 0 - (96 - 89) - -14
14
Evaluate 0 - (4 + (13 - (6 + -17 - -2))).
-26
What is the value of -1 + 1 + (57 - 46) + (-21 - 1) + -2?
-13
What is 30 - 4 - (16 + 25 - 35)?
20
Evaluate 48 - 46 - (-7 - (1 - (1 + 4))) - 23.
-18
What is 9 + (-16 + 8 + 34 - (-22 - -34))?
23
Calculate 34 + (1 + 1 - (-7 - (-34 + 31)) - -5).
45
What is -2017 + 1929 + 76 + 2?
-10
What is 36 + -17 + -3 + -63?
-47
What is the value of -17 + (-38 - (140 - 226))?
31
Evaluate 19 - ((17 - 1) + -39 + 20).
22
What is (-6 - 4) + (-45 - (26 + -32 - (-18 + 5)))?
-62
Evaluate 34 - (40 - 40 - 2).
36
Evaluate -45 - (-51 + -36) - 84.
-42
What is (54 - 6) + 5 + (-15 + 20 - 1 - -8)?
65
Calculate -20 - (7 + (-5 - (-3 - -12)) - -4 - -10).
-27
Calculate -40 + 48 - (43 - (-2 - (-2 - -5))).
-40
2 - (0 - 1) - (2464 + -2483)
22
What is -65 - (-5 + (5 - 11 - (4 - 2) - -2))?
-54
Evaluate -6 + (3 - -5 - -2) - (27 + -1 - -8).
-30
-24 + -3 + -3 - (15 + -14 + 13)
-44
What is the value of (-2 - (-89 - -12)) + (-14 - 1)?
60
(2 - 9) + 0 + 15 + (58 - 2) - 11
53
What is the value of 9 + (-102 - -69 - -44)?
20
Evaluate (-29 - -7) + (-39 - 33) + -14.
-108
-93 + 195 + -26 + -86
-10
Calculate 14 - (-6 + (30 + 1 - (-167 + 165))) - -156.
143
What is the value of -37 - (-46 + 44 + (3 - -3) + 7)?
-48
Calculate (107 - 54 - 54) + -17.
-18
-3128 + 3134 + (1 - 8) + 0 + 43
42
What is (-7 - (14 - 10)) + 5 + (21 - -3 - -7)?
25
Calculate 15 + (-4 + 19 - (28 + -23 + 112)).
-87
What is -2 - (-93 - (48 + -99))?
40
What is 10 + -17 + -762 + 830?
61
Evaluate -168 + -63 + 209 + 0 + 106.
84
What is (9 - (-36 - -18)) + 31 - 22?
36
What is the value of 14 + (-36 - 9 - (12 - -10))?
-53
Evaluate -63 - -62 - (-7 - (-39 - -8)).
-25
What is (747 + -742 - (-2 - 0)) + (-22 - 1)?
-16
Calculate -6 + (-9 - -12 - -12) - (-8 + -10).
27
(282 - (-204 + 498)) + 26 + 0
14
What is the value of -14 + 12 + 25 + -68 + 0 + -13?
-58
Calculate 8 + 37 + 15 - 49.
11
What is the value of 27 - (8 - -1 - (116 - 123))?
11
What is the value of 34 + 1 - ((-2 - (12 + -18)) + -7 + 1)?
37
Evaluate 29 + -140 + 124 - -56.
69
(4 - (23 - 2 - 24)) + -23
-16
Evaluate 16 + -4 + (-12 - (-39 - 1)) - -15.
55
What is the value of 3 - (46 + (-4 + 12 - (-2 + 13)))?
-40
What is the value of -39 + 130 + -72 + -60?
-41
Calculate 115 + (-50 - 77) + 34.
22
What is (20 - (9 + 35 + 9) - 3) + (-6 - -1)?
-41
What is the value of 4 - (16 - (-19 - -28) - 12 - -6)?
3
Calculate -4 + (106 - 101 - ((2 - 9) + -1)) + 44.
53
23 - (60 + -46 + (-8 + -5 - 6))
28
What is (18 - 5) + -22 - (-3 + 8 + 13)?
-27
What is -1483 + 1536 - (-9 - 1)?
63
Evaluate -1 + -98 + -12 + 2 + 8 + 3.
-98
Calculate 26 + (9 - 7 - 95).
-67
98 + -138 + 48 + (-19 - (3 - 1))
-13
What is the value of (24 - 10) + (-47 - -4) - (-1 - -12)?
-40
Calculate -36 - (46 - (-13 - -41) - (0 + 15)).
-39
What is the value of -1 + -2 + -7 + -74 + (133 - 130)?
-81
What is 7 - 18 - ((3 - -34 - 3) + -21)?
-24
Calculate -22 + (17 - 2) + -12 + 39.
20
What is the value of (0 - -61) + 48 + -89?
20
(-14 - (-20 + 12)) + 3 + 0 + -11
-14
Evaluate (24 - 25 - (-8 - 13)) + 36.
56
Evaluate 8 - (-42 + (4 - 4 - (-4 - (4 + -4)))).
46
What is the value of -44 + 7 + 203 + -152?
14
What is (576 - 585) + 0 + 75 - 21?
45
Calculate -70 - (-12 + 4 + -5 + 27 + -16).
-68
-101 - (-21 - 35) - (2 + 6)
-53
Calculate -68 + (48 + -7 - 13) + -4.
-44
What is (-38 - (34 - 89)) + -10?
7
What is -112 - -57 - -119 - -12?
76
What is (1 - 57) + 18 + -7 + (3 - (2 - 1))?
-43
What is the value of 263 + -194 + 3 + -3 + (-10 - -1)?
60
(16 - 0) + (42 - 3) + -77
-22
Evaluate 112 + (5 - 5) + (15 - (-4 + 21 + 10)).
100
What is -19 + (0 - 35 - -133)?
79
-7 + (-257 + 228 - (-75 - 2))
41
What is the value of (3 + -10 - 1 - -7) + -3 + 9?
5
What is the value of (-60 - -211 - 2) + -160?
-11
Calculate -64 - (-173 + 96) - (0 - (-38 - 0)).
-25
Evaluate -220 + 210 + 8 + 7.
5
Calculate (-17 - (-5 - -11)) + 37.
14
(0 - -24) + 0 + -14 + 30 + -5
35
What is the value of -97 + ((-12 - 1) + 33 + -12 + 22 - 15)?
-82
Evaluate -12 + (12 + (9 - 18) + -8 - 76).
-93
What is ((2 - 18) + 0 - -9) + 42?
35
What is 2 + 17 - (1599 - 1626)?
46
16 + -89 + 97 + (-4 + 8 - -4)
32
10 - -1 - (14 + -26 + (2 + 2 - -3))
16
What is the value of ((-12 - -4) + 21 - 14) + -2?
-3
-11 + (12 + 4 - (-45 - -55)) - 89
-94
Calculate -1 - (4 + -56 - (19 + -19 - (1 - -4))).
46
Calculate (-5 - -65) + 20 - (-8 + 23).
65
What is (43 - 25) + 14 - -45 - 21?
56
What is (41 - 53) + -6 + 10 + 5 - -47?
44
Evaluate 458 + -495 - (-10 + 10 - 1).
-36
What is the value of -2 + 7 + -2 - (27 + (18 - 23) - -67)?
-86
Calculate 462 + -343 - (67 + -2).
54
What is -1 - -4 - (-6 + (1 - -13) - 29)?
24
Evaluate -90 + (10 - -118) - 42.
-4
What is the value of (27 + -3 + -4 - (96 - 71)) + -2 + 74?
67
Calculate (19 - 31 - 2) + (-2 - -31 - -4).
19
Evaluate 1055 - 1148 - (-1 - 4).
-88
2 - (-2 + (-20 - -16) - -6) - -21
23
What is -93 - (35 + 61 + -133)?
-56
Evaluate (45 - 43) + 20 + 2.
24
What is the value of 82 - 107 - (-13 - 5) - -7?
0
What is -11 + 130 + (-105 - -29)?
43
Calculate -95 + (-62 + 68 - -57).
-32
(-66 - -38) + 35 + (0 - 62)
-55
What is the value of (54 - 2) + -57 - (-2 + 0) - -15?
12
What is -19469 + 19449 + (0 - (-1 - (-61 + -3)))?
-83
1 + -80 + (6 - -18)
-55
Evaluate (-24 - (27 + -42)) + (-9 - (-73 + -6)).
61
Evaluate -82 + -1 - (3 - -10 - (-8 + -14 + 23)).
-95
Evaluate -8 + -4 + 50 + -44 + (-128 - -1).
-133
28 + (8 - (-1 - (-9 + 0 + 11 + -19)))
20
Evaluate (30 - 12) + -135 + (-27 - (3 - 46)).
-101
What is 2 - (2 - 3) - (140 + -128 + 0 + -33)?
24
What is -20 - (-3 - -2 - (-25 + 10 + 24))?
-10
What is -58 - (23 - 